{"id":8,"date":"2017-05-02T13:25:04","date_gmt":"2017-05-02T13:25:04","guid":{"rendered":"http:\/\/logopaediehofer.ch\/?page_id=8"},"modified":"2024-12-15T15:02:26","modified_gmt":"2024-12-15T15:02:26","slug":"finanzielles","status":"publish","type":"page","link":"https:\/\/logopaediehofer.ch\/?page_id=8","title":{"rendered":"Finanzierung"},"content":{"rendered":"\n<p><\/p>\n\n\n\n<h2 class=\"wp-block-heading\" id=\"block-bb92a310-2f9c-4cd2-963b-d0fe4926db78\"><strong><mark style=\"background-color:rgba(0, 0, 0, 0);color:#018ec6\" class=\"has-inline-color\"><em>\u201eWorte sind Luft.<\/em> <\/mark><\/strong><br><mark style=\"background-color:rgba(0, 0, 0, 0)\" class=\"has-inline-color has-base-3-color\">&#8212;&#8211;<\/mark><strong><mark style=\"background-color:rgba(0, 0, 0, 0);color:#018ec6\" class=\"has-inline-color\"><em>Aber die Luft <\/em><\/mark><\/strong><br><mark style=\"background-color:rgba(0, 0, 0, 0)\" class=\"has-inline-color has-base-3-color\">&#8211;<\/mark><strong><mark style=\"background-color:rgba(0, 0, 0, 0);color:#018ec6\" class=\"has-inline-color\"><em>wird zum Wind, <\/em><br><mark style=\"background-color:rgba(0, 0, 0, 0)\" class=\"has-inline-color has-base-3-color\">&#8212;<\/mark><em>und der Wind <\/em><\/mark><\/strong><br><mark style=\"background-color: rgba(0, 0, 0, 0);\" class=\"has-inline-color\"><em style=\"color: rgb(1, 142, 198); font-weight: bold;\">macht<\/em><\/mark><strong><mark style=\"background-color:rgba(0, 0, 0, 0);color:#018ec6\" class=\"has-inline-color\"><em> die Schiffe <\/em><\/mark><\/strong><br><mark style=\"background-color:rgba(0, 0, 0, 0)\" class=\"has-inline-color has-base-3-color\">&#8212;<\/mark><strong><mark style=\"background-color:rgba(0, 0, 0, 0);color:#018ec6\" class=\"has-inline-color\"><em>segeln.\u201c<\/em><\/mark><\/strong><\/h2>\n\n\n<div>\n<div><em><em><strong><span style=\"font-size: revert; font-weight: 300;\"><span style=\"color: #000000;\">\u00a0 \u00a0 \u00a0 \u00a0 \u00a0 \u00a0 \u00a0 \u00a0 \u00a0 \u00a0 \u00a0 \u00a0 \u00a0 \u00a0 \u00a0 \u00a0 \u00a0 \u00a0 \u00a0 Arthut Koestler<\/span><\/span><\/strong><\/em><\/em>\n<p>\u00a0<\/p>\n<\/div>\n<\/div>\n<div>\n<p><strong><span style=\"color: #018ec6;\">Die Finanzierung f\u00fcr Erwachsene<\/span><br \/><\/strong><span style=\"font-size: revert;\">Die Finanzierung ist &#8211; auf \u00e4rztliche Verordnung \u2013 Pflichtleistung der Krankenkasse.\u00a0<\/span><span style=\"font-size: revert;\">Weitere Finanzierungsm\u00f6glichkeiten sind<\/span><\/p>\n<\/div>\n<ul>\n<li>SUVA (bei Betriebsunf\u00e4llen)<\/li>\n<li>Stiftungen<\/li>\n<li>private Organisationen<\/li>\n<\/ul>\n<p>Stimm- und Sprechschulungen m\u00fcssen in der Regel privat bezahlt werden.<\/p>\n<p><strong><span style=\"color: #018ec6;\"><a style=\"color: #018ec6;\" href=\"https:\/\/logopaediehofer.ch\/wp-content\/uploads\/2020\/11\/Verordnungsformular_2020.pdf\" target=\"_blank\" rel=\"noopener\">Verordnungsformular im pdf<\/a><\/span><\/strong><\/p>\n<p><strong><span style=\"color: #018ec6;\">Die Finanzierung f\u00fcr Kinder<\/span><br \/><\/strong>Seit dem Sommer 2022 wird die Logop\u00e4die f\u00fcr Schulkinder in der privaten Praxis von der Bildungs- und Kulturdirektion des Kantons Bern (BKD) nur noch finanziert, wenn die Schullogop\u00e4din keine freien Kapazit\u00e4ten mehr hat.<\/p>\n<p>Von der Gesundheits-, Sozial- und Integrationsdirektion des Kantons Bern (GSI) bezahlt werden hingegen die logop\u00e4dischen Therapien f\u00fcr kleine Kinder bis zum Kindergarteneintritt und f\u00fcr Jugendliche vom 16. bis zum 20. Lebensjahr.<\/p>\n<p><br \/>Therapien f\u00fcr Schulkinder k\u00f6nnen zus\u00e4tzlich auf privater Basis abgerechnet werden.<\/p>\n<p>\u00a0<\/p>\n\n\n<p><\/p>\n","protected":false},"excerpt":{"rendered":"<p>\u201eWorte sind Luft. &#8212;&#8211;Aber die Luft &#8211;wird zum Wind, &#8212;und der Wind macht die Schiffe &#8212;segeln.\u201c \u00a0 \u00a0 \u00a0 \u00a0 \u00a0 \u00a0 \u00a0 \u00a0 \u00a0 \u00a0 \u00a0 \u00a0 \u00a0 \u00a0 \u00a0 \u00a0 \u00a0 \u00a0 \u00a0 Arthut Koestler \u00a0 Die Finanzierung f\u00fcr ErwachseneDie Finanzierung ist &#8211; auf \u00e4rztliche Verordnung \u2013 Pflichtleistung der Krankenkasse.\u00a0Weitere Finanzierungsm\u00f6glichkeiten sind SUVA &#8230; <a title=\"Finanzierung\" class=\"read-more\" href=\"https:\/\/logopaediehofer.ch\/?page_id=8\" aria-label=\"Mehr dazu unter Finanzierung\">Weiterlesen<\/a><\/p>\n","protected":false},"author":1,"featured_media":2454,"parent":0,"menu_order":0,"comment_status":"closed","ping_status":"closed","template":"","meta":{"_monsterinsights_skip_tracking":false,"_monsterinsights_sitenote_active":false,"_monsterinsights_sitenote_note":"","_monsterinsights_sitenote_category":0,"jetpack_post_was_ever_published":false,"footnotes":""},"class_list":["post-8","page","type-page","status-publish","has-post-thumbnail"],"aioseo_notices":[],"jetpack_sharing_enabled":true,"jetpack_shortlink":"https:\/\/wp.me\/P8GN4G-8","_links":{"self":[{"href":"https:\/\/logopaediehofer.ch\/index.php?rest_route=\/wp\/v2\/pages\/8","targetHints":{"allow":["GET"]}}],"collection":[{"href":"https:\/\/logopaediehofer.ch\/index.php?rest_route=\/wp\/v2\/pages"}],"about":[{"href":"https:\/\/logopaediehofer.ch\/index.php?rest_route=\/wp\/v2\/types\/page"}],"author":[{"embeddable":true,"href":"https:\/\/logopaediehofer.ch\/index.php?rest_route=\/wp\/v2\/users\/1"}],"replies":[{"embeddable":true,"href":"https:\/\/logopaediehofer.ch\/index.php?rest_route=%2Fwp%2Fv2%2Fcomments&post=8"}],"version-history":[{"count":56,"href":"https:\/\/logopaediehofer.ch\/index.php?rest_route=\/wp\/v2\/pages\/8\/revisions"}],"predecessor-version":[{"id":4728,"href":"https:\/\/logopaediehofer.ch\/index.php?rest_route=\/wp\/v2\/pages\/8\/revisions\/4728"}],"wp:featuredmedia":[{"embeddable":true,"href":"https:\/\/logopaediehofer.ch\/index.php?rest_route=\/wp\/v2\/media\/2454"}],"wp:attachment":[{"href":"https:\/\/logopaediehofer.ch\/index.php?rest_route=%2Fwp%2Fv2%2Fmedia&parent=8"}],"curies":[{"name":"wp","href":"https:\/\/api.w.org\/{rel}","templated":true}]}}