{"id":4,"date":"2017-05-02T13:24:33","date_gmt":"2017-05-02T13:24:33","guid":{"rendered":"http:\/\/logopaediehofer.ch\/?page_id=4"},"modified":"2023-01-13T13:51:55","modified_gmt":"2023-01-13T13:51:55","slug":"angebot-erwachsene","status":"publish","type":"page","link":"https:\/\/logopaediehofer.ch\/?page_id=4","title":{"rendered":"Angebot Erwachsene"},"content":{"rendered":"\n<p><\/p>\n\n\n\n<h2 class=\"wp-block-heading\" id=\"block-bb92a310-2f9c-4cd2-963b-d0fe4926db78\"><strong><mark style=\"background-color:rgba(0, 0, 0, 0);color:#018ec6\" class=\"has-inline-color\"><em>\u201eEs wird immer <\/em><\/mark><\/strong><br><mark style=\"background-color:rgba(0, 0, 0, 0)\" class=\"has-inline-color has-base-3-color\">&#8212;-<\/mark><strong><mark style=\"background-color:rgba(0, 0, 0, 0);color:#018ec6\" class=\"has-inline-color\"><em>gleich ein wenig <\/em><br><em>anders, wenn man <\/em><\/mark><\/strong><br><mark style=\"background-color:rgba(0, 0, 0, 0)\" class=\"has-inline-color has-base-3-color\">&#8212;&#8212;<\/mark><strong><mark style=\"background-color:rgba(0, 0, 0, 0);color:#018ec6\" class=\"has-inline-color\"><em>es ausspricht.&#8220;<\/em><\/mark><\/strong><\/h2>\n\n\n<p style=\"text-align: left;\"><em><strong><span style=\"font-size: revert; font-weight: 300;\"><span style=\"color: #000000;\">&nbsp; &nbsp; &nbsp; &nbsp; &nbsp; &nbsp; &nbsp; &nbsp; &nbsp; &nbsp; &nbsp; &nbsp; &nbsp; &nbsp; &nbsp; &nbsp; &nbsp; &nbsp; &nbsp; &nbsp;Hermann Hesse<\/span><\/span><\/strong><\/em><\/p>\n<div>&nbsp;<\/div>\n<div>\n<p><span style=\"color: #018ec6;\"><strong>Das Angebot f\u00fcr Erwachsene umfasst Abkl\u00e4rung, Therapie und Beratung bei St\u00f6rungen&#8230;<\/strong><\/span><\/p>\n<\/div>\n<p><span style=\"color: #018ec6;\"><strong>&#8230;des Sprechens:<br><\/strong><\/span>Dysarthrophonien: Aussprachst\u00f6rungen infolge Erkrankung der am Sprechvorgang beteiligten hirnorganischen Strukturen (z. Bsp. durch degenerative Krankheiten), gekennzeichnet durch ver\u00e4nderte Aussprache, &nbsp;Stimmqualit\u00e4t, Sprechmelodie und Sprechtempo. Die Sprechqualit\u00e4t wird in der Logop\u00e4die verbessert<span style=\"font-size: revert;\"><span style=\"font-size: revert;\"><span style=\"font-size: revert;\"><span style=\"font-size: revert;\"><span style=\"font-size: revert;\"><span style=\"font-size: revert;\">.<\/span><\/span><\/span><\/span><\/span><\/span><\/p>\n<p><span style=\"color: #018ec6;\"><strong>&#8230;Lispeln:<br><\/strong><\/span>Eine undeutliche, verwaschene Aussprache kann durch gezielte Mundmotorik- und Atem\u00fcbungen verbessert werden<span style=\"font-size: revert;\"><span style=\"font-size: revert;\"><span style=\"font-size: revert;\"><span style=\"font-size: revert;\"><span style=\"font-size: revert;\"><span style=\"font-size: revert;\">.<\/span><\/span><\/span><\/span><\/span><\/span><\/p>\n<p><span style=\"color: #018ec6;\"><strong style=\"font-size: revert;\">&#8230;Stottern:<br><\/strong><\/span>Bei Redeflusst\u00f6rung mit unterbrochenem Sprechablauf, Einsch\u00fcben, Laut-, Silben- oder Wortwiederholungen k\u00f6nnen Strategien zum Umgang mit dem Stottern erlernt werden<span style=\"font-size: revert;\"><span style=\"font-size: revert;\"><span style=\"font-size: revert;\"><span style=\"font-size: revert;\"><span style=\"font-size: revert;\"><span style=\"font-size: revert;\">.<\/span><\/span><\/span><\/span><\/span><\/span><\/p>\n<p><span style=\"color: #018ec6;\"><strong>&#8230;der Sprache:<br><\/strong><\/span><span style=\"font-size: revert;\"><span style=\"font-size: revert;\"><span style=\"font-size: revert;\"><span style=\"font-size: revert;\">Aphasien: Bei erworbenen Sprachst\u00f6rungen nach einer Hirnsch\u00e4digung, k\u00f6nnen sowohl Sprachproduktion als auch Sprachverst\u00e4ndnis beeintr\u00e4chtigt sein. Wortfindung, Satzbildung und Sprachverst\u00e4ndnis k\u00f6nnen durch Uebungen gef\u00f6rdert werden.<\/span><\/span><\/span><\/span><\/p>\n<p><strong><span style=\"color: #018ec6;\">&#8230;des Schluckens:<\/span><br><\/strong><span style=\"font-size: revert;\"><span style=\"font-size: revert;\"><span style=\"font-size: revert;\"><span style=\"font-size: revert;\"><span style=\"font-size: revert;\"><span style=\"font-size: revert;\">Bei Dysphagien aufgrund von Hirnschlag, Unfall, degenerativer Krankheit oder einer Operation im Mund-\/&nbsp;Halsbereich k\u00f6nnen Schluckst\u00f6rungen auftreten. Durch Schlucktraining kann die Schucktechnik verbessert werden.<\/span><\/span><\/span><\/span><\/span><\/span><\/p>\n<p><strong><span style=\"color: #018ec6;\">&#8230;der Stimme:<\/span><br><\/strong><span style=\"font-size: revert;\"><span style=\"font-size: revert;\"><span style=\"font-size: revert;\"><span style=\"font-size: revert;\"><span style=\"font-size: revert;\">Durch falsche Sprech- oder Singtechnik zu stark beanspruchte Stimmen t\u00f6nen rau, heiser, belegt oder behaucht. Durch gezielte Uebungen zur Koordination von Haltung, Atem, Stimme, Artikulation, und Resonanz k\u00f6nnen die Sprechtechnik verbessert und eine entspannte Stimmqualit\u00e4t neu aufgebaut werden. Dadurch wird ein \u00f6konomischer Stimmgebrauch in Beruf und Alltag m\u00f6glich.<\/span><\/span><\/span><\/span><\/span><\/p>\n<p><strong><span style=\"color: #018ec6;\">&#8230;des Stimmklangs:<\/span><br><\/strong>Ein offenes oder geschlossenes N\u00e4seln kann durch Muskelkr\u00e4ftigungs-, Entspannungs- und Sprechatem\u00fcbungen vermindert werden<span style=\"font-size: revert;\"><span style=\"font-size: revert;\"><span style=\"font-size: revert;\"><span style=\"font-size: revert;\"><span style=\"font-size: revert;\">.<\/span><\/span><\/span><\/span><\/span><\/p>\n<p><span style=\"color: #018ec6;\"><strong>&#8230;des Lesens und des Schreibens:<br><\/strong><\/span><span style=\"font-size: revert;\">Lesest\u00f6rungen und -Schw\u00e4chen (Dyslexien) sowie Schreibst\u00f6rungen und<\/span><\/p>\n<p>Schw\u00e4chen (Dysgraphien) werden durch den Aufbau einer angepassten Lese- bzw. Rechtschreibtechnik und den Einbezug von assistiven Technologien verbessert.<\/p>\n<p><img loading=\"lazy\" decoding=\"async\" class=\"alignnone  wp-image-433\" src=\"https:\/\/logopaediehofer.ch\/wp-content\/uploads\/2017\/06\/BarbaraGeschaeft062-1024x768.jpg\" alt=\"\" width=\"453\" height=\"341\" srcset=\"https:\/\/logopaediehofer.ch\/wp-content\/uploads\/2017\/06\/BarbaraGeschaeft062.jpg 1024w, https:\/\/logopaediehofer.ch\/wp-content\/uploads\/2017\/06\/BarbaraGeschaeft062-300x225.jpg 300w, https:\/\/logopaediehofer.ch\/wp-content\/uploads\/2017\/06\/BarbaraGeschaeft062-768x576.jpg 768w, https:\/\/logopaediehofer.ch\/wp-content\/uploads\/2017\/06\/BarbaraGeschaeft062-400x300.jpg 400w\" sizes=\"auto, (max-width: 453px) 100vw, 453px\" \/><\/p>\n<p><span style=\"color: #018ec6;\"><strong>Behandlung von<\/strong><\/span><\/p>\n<ul>\n<li>Artikulationsst\u00f6rungen \/ Lispeln<\/li>\n<li>N\u00e4seln<\/li>\n<li>Stimmst\u00f6rungen<\/li>\n<li>Stottern<\/li>\n<li>Schluckst\u00f6rungen<\/li>\n<li>Aphasie<\/li>\n<li>Dysartrophonie (Sprechst\u00f6rung)<\/li>\n<li>Alexie \/ Dyslexie (Lesest\u00f6rung)<\/li>\n<li>Agraphie (Schreibst\u00f6rung)<\/li>\n<li>Aphasie<\/li>\n<li>Dysartrophonie (Sprechst\u00f6rung)<\/li>\n<li>Alexie \/ Dyslexie (Lesest\u00f6rung)<\/li>\n<li>Agraphie (Schreibst\u00f6rung)<\/li>\n<\/ul>\n<p>Therapiesprachen sind: Deutsch, Franz\u00f6sisch, Italienisch, Englisch, Hebr\u00e4isch (Grundkenntnisse)<br><strong><br><span style=\"color: #018ec6;\">Beratung von Bezugspersonen mit den Zielen<\/span><\/strong><br>F\u00f6rderung des Verst\u00e4ndnisses f\u00fcr die Situation des<br>sprachbehinderten Menschen<\/p>\n<p>Erm\u00f6glichen einer realistische Einsch\u00e4tzung der Problematik<\/p>\n<p>Abbau von Aengsten und famili\u00e4ren Spannungen im Zusammenhang mit densprachlichen Einschr\u00e4nkungen<\/p>\n<p>Der regelm\u00e4ssige Austausch mit Fachleuten aus anderen Bereichen (Medizin, Psychologie, Physio-, Ergotherapie etc.) <br>ist eine wichtige Voraussetzung f\u00fcr eine erfolgreiche Therapie.<\/p>\n<p><span style=\"color: #018ec6;\"><strong>Stimm- und Sprechschulung f\u00fcr Menschen in Sprechberufen<\/strong><\/span><br>Menschen, die in ihren Berufen besonderen stimmlichen<br>Anforderungen ausgesetzt sind (Dozierende, Lehrpersonen, Vortragende, ModeratorInnen, JuristInnen, Berater\/Innen, <br>PolitikerInnen, F\u00fchrungskr\u00e4fte etc.) oder die ein stimmintensives Hobby (wie Singen oder Theater spielen) aus\u00fcben, <br>ben\u00f6tigen eine geschulte Sprech- und Singtechnik.<\/p>\n<p>Im Einzel- oder Gruppenunterricht unterst\u00fctze ich sie beim Erarbeiten und Umsetzen der individuellen sprech- und <br>gesangstechnischen M\u00f6glichkeiten<br>mit den Zielen<\/p>\n<ul>\n<li>verbesserte K\u00f6rperhaltung<\/li>\n<li>richtige Atem-, Stimm- und Sprechtechnik<\/li>\n<li>\u00f6konomischer Stimmgebrauch in Beruf und Alltag<\/li>\n<\/ul>\n<p>Unterrichtssprachen sind Deutsch, Franz\u00f6sisch, Englisch, Italienisch und Hebr\u00e4isch (Grundkenntnisse)<\/p>","protected":false},"excerpt":{"rendered":"<p>\u201eEs wird immer &#8212;-gleich ein wenig anders, wenn man &#8212;&#8212;es ausspricht.&#8220; &nbsp; &nbsp; &nbsp; &nbsp; &nbsp; &nbsp; &nbsp; &nbsp; &nbsp; &nbsp; &nbsp; &nbsp; &nbsp; &nbsp; &nbsp; &nbsp; &nbsp; &nbsp; &nbsp; &nbsp;Hermann Hesse &nbsp; Das Angebot f\u00fcr Erwachsene umfasst Abkl\u00e4rung, Therapie und Beratung bei St\u00f6rungen&#8230; &#8230;des Sprechens:Dysarthrophonien: Aussprachst\u00f6rungen infolge Erkrankung der am Sprechvorgang beteiligten hirnorganischen Strukturen &#8230; <a title=\"Angebot Erwachsene\" class=\"read-more\" href=\"https:\/\/logopaediehofer.ch\/?page_id=4\" aria-label=\"Mehr dazu unter Angebot Erwachsene\">Weiterlesen<\/a><\/p>\n","protected":false},"author":1,"featured_media":2462,"parent":0,"menu_order":0,"comment_status":"closed","ping_status":"closed","template":"","meta":{"_monsterinsights_skip_tracking":false,"_monsterinsights_sitenote_active":false,"_monsterinsights_sitenote_note":"","_monsterinsights_sitenote_category":0,"jetpack_post_was_ever_published":false,"footnotes":""},"class_list":["post-4","page","type-page","status-publish","has-post-thumbnail"],"aioseo_notices":[],"jetpack_sharing_enabled":true,"jetpack_shortlink":"https:\/\/wp.me\/P8GN4G-4","_links":{"self":[{"href":"https:\/\/logopaediehofer.ch\/index.php?rest_route=\/wp\/v2\/pages\/4","targetHints":{"allow":["GET"]}}],"collection":[{"href":"https:\/\/logopaediehofer.ch\/index.php?rest_route=\/wp\/v2\/pages"}],"about":[{"href":"https:\/\/logopaediehofer.ch\/index.php?rest_route=\/wp\/v2\/types\/page"}],"author":[{"embeddable":true,"href":"https:\/\/logopaediehofer.ch\/index.php?rest_route=\/wp\/v2\/users\/1"}],"replies":[{"embeddable":true,"href":"https:\/\/logopaediehofer.ch\/index.php?rest_route=%2Fwp%2Fv2%2Fcomments&post=4"}],"version-history":[{"count":67,"href":"https:\/\/logopaediehofer.ch\/index.php?rest_route=\/wp\/v2\/pages\/4\/revisions"}],"predecessor-version":[{"id":2937,"href":"https:\/\/logopaediehofer.ch\/index.php?rest_route=\/wp\/v2\/pages\/4\/revisions\/2937"}],"wp:featuredmedia":[{"embeddable":true,"href":"https:\/\/logopaediehofer.ch\/index.php?rest_route=\/wp\/v2\/media\/2462"}],"wp:attachment":[{"href":"https:\/\/logopaediehofer.ch\/index.php?rest_route=%2Fwp%2Fv2%2Fmedia&parent=4"}],"curies":[{"name":"wp","href":"https:\/\/api.w.org\/{rel}","templated":true}]}}