{"id":10,"date":"2017-05-02T13:25:22","date_gmt":"2017-05-02T13:25:22","guid":{"rendered":"http:\/\/logopaediehofer.ch\/?page_id=10"},"modified":"2023-01-13T14:50:35","modified_gmt":"2023-01-13T14:50:35","slug":"persoenlich","status":"publish","type":"page","link":"https:\/\/logopaediehofer.ch\/?page_id=10","title":{"rendered":"Pers\u00f6nlich"},"content":{"rendered":"\n<p><\/p>\n\n\n\n<h2 class=\"wp-block-heading\" id=\"block-bb92a310-2f9c-4cd2-963b-d0fe4926db78\"><strong><mark style=\"background-color:rgba(0, 0, 0, 0);color:#018ec6\" class=\"has-inline-color\"><em>\u201eStelle Fragen. <\/em><\/mark><\/strong><br><mark style=\"background-color:rgba(0, 0, 0, 0)\" class=\"has-inline-color has-base-3-color\">&#8212;&#8211;<\/mark><strong><mark style=\"background-color:rgba(0, 0, 0, 0);color:#018ec6\" class=\"has-inline-color\"><em>Unser Wissen <\/em><\/mark><\/strong><br><mark style=\"background-color:rgba(0, 0, 0, 0)\" class=\"has-inline-color has-base-3-color\">&#8212;<\/mark><strong><mark style=\"background-color:rgba(0, 0, 0, 0);color:#018ec6\" class=\"has-inline-color\"><em>besteht aus den <\/em><br><mark style=\"background-color:rgba(0, 0, 0, 0)\" class=\"has-inline-color has-base-3-color\">&#8211;<\/mark><em>Antworten<\/em><\/mark><\/strong><mark style=\"background-color:rgba(0, 0, 0, 0)\" class=\"has-inline-color has-base-3-color\"> <\/mark><mark style=\"background-color: rgba(0, 0, 0, 0);\" class=\"has-inline-color\"><em style=\"color: rgb(1, 142, 198); font-weight: bold;\">auf<\/em><\/mark><strong><mark style=\"background-color:rgba(0, 0, 0, 0);color:#018ec6\" class=\"has-inline-color\"><em> <\/em><\/mark><\/strong><br><mark style=\"background-color: rgba(0, 0, 0, 0);\" class=\"has-inline-color\"><em style=\"color: rgb(1, 142, 198); font-weight: bold;\">gestellte<\/em><\/mark><strong><mark style=\"background-color:rgba(0, 0, 0, 0);color:#018ec6\" class=\"has-inline-color\"><em> Fragen.\u201c<\/em><\/mark><\/strong><\/h2>\n\n\n<p><em><strong><span style=\"font-size: revert; font-weight: 300;\"><span style=\"color: #000000;\">&nbsp; &nbsp; &nbsp; &nbsp; &nbsp; &nbsp; &nbsp; &nbsp; &nbsp; &nbsp; &nbsp; &nbsp; &nbsp; &nbsp; &nbsp; &nbsp; &nbsp; &nbsp; &nbsp; &nbsp; &nbsp; &nbsp; &nbsp; &nbsp; Aristoteles<\/span><\/span><\/strong><\/em><\/p>\n<div>&nbsp;<\/div>\n<div>\n<p><span style=\"color: #018ec6;\"><strong>1995: <br><span style=\"color: #000000;\">Diplom in Logop\u00e4die an der Universit\u00e4t Freiburg<\/span><br><\/strong><\/span><br><span style=\"color: #018ec6;\"><strong>1981: <br><span style=\"color: #000000;\">Primarlehrerinnenpatent in Solothurn<\/span><\/strong><\/span><\/p>\n<p><span style=\"color: #018ec6;\"><strong>T\u00e4tigkeiten&nbsp;<\/strong><\/span><\/p>\n<p><span style=\"color: #018ec6;\"><strong>Seit 2000:&nbsp;<\/strong><\/span><br>Eigene logop\u00e4dische Praxis in Bern<br>(Krankenkassen-Zulassungsnummer <br>Z 8848.02)<\/p>\n<p><span style=\"color: #018ec6;\"><strong>1996-2000:&nbsp;<\/strong><\/span><br>Logop\u00e4din an den Schulungs- und Wohnheimen Rossfeld Bern <br>(leitende Aerztin Fr. Dr. A. R\u00fcdeberg)<\/p>\n<p><span style=\"color: #018ec6;\"><strong>1995-1996:&nbsp;<\/strong><\/span><br>Logop\u00e4din an den Schulen Unter- und Oberkulm (AG)<\/p>\n<p><span style=\"color: #018ec6;\"><strong>1987-1991:&nbsp;<\/strong><\/span><br>Sozialp\u00e4dagogin u.a. im stadtbernischen Tagesheim Kleefeld und an <br>der Blindenschule Zollikofen<br><strong><br><span style=\"color: #018ec6;\">1981-1987:&nbsp;<\/span><\/strong><br>Primarlehrerin auf verschiedenen Schulstufen in den Kantonen Solothurn, Bern und Freiburg<\/p>\n<p><img loading=\"lazy\" decoding=\"async\" class=\"alignnone wp-image-393\" src=\"https:\/\/logopaediehofer.ch\/wp-content\/uploads\/2017\/05\/1.prio_DSC_5503-1024x680.jpg\" alt=\"\" width=\"495\" height=\"333\"><\/p>\n<p><span style=\"color: #018ec6;\"><strong>Weiterbildungen<\/strong><\/span><br>Regelm\u00e4ssige Super- und Intervision<\/p>\n<p><span style=\"color: #018ec6;\"><strong>Kontinuierliche Weiterbildung u.a.in den Bereichen<\/strong><\/span><\/p>\n<ul>\n<li>Stimmtherapie (u.a. bei Coblenzer, Thyme)<\/li>\n<li>Schlucktherapie (u.a nach Bobath \u2013 NDT, Morales,<br>Codoni \u2013 MFT)<\/li>\n<li>Sprach- und Sprechst\u00f6rungen<br>(u.a.Artikulation, Sprachverst\u00e4ndnis, Aphasie)<\/li>\n<li>Sprechablaufst\u00f6rungen (Stottern, Poltern)<\/li>\n<li>Spieltherapie \/ Mutismus<\/li>\n<li>Mehrsprachigkeit und Spracherwerb<\/li>\n<li>Lese-, Rechtschreibeproblematik<\/li>\n<li>Logop\u00e4die bei degenerativen Krankheiten (wie Parkinson, Alzheimer)<\/li>\n<\/ul>\n<p><span style=\"color: #018ec6;\"><strong><br>Mitgliedschaften<\/strong><\/span><\/p>\n<ul>\n<li>Deutschschweizerischer Berufsverband f\u00fcr Logop\u00e4dinnen und Logop\u00e4den DLV<\/li>\n<li>Kantonaler Berufsverband Logop\u00e4die-Bern<\/li>\n<li>Interessengruppe der frei praktizierenden Logop\u00e4dinnen des Kantons Bern<\/li>\n<li>Schweizer Bund der Therapeutinnen cerebraler Bewegungsst\u00f6rungen<\/li>\n<li>aphasiesuisse, Fachgesellschaft f\u00fcr Menschen mit Aphasie und ihre Angeh\u00f6rigen<\/li>\n<\/ul>\n<p><span style=\"color: #018ec6;\"><strong>Privat:&nbsp;<\/strong><\/span><br>Ich lebe in fester Partnerschaft und bin gerne in den Bergen. Meine Hobbies sind Sport <br>(Wandern, Tennis, Velo fahren),&nbsp;Yoga, Chorsingen und Lesen<\/p>\n<\/div>\n\n\n<p><\/p>\n\n\n\n<p><\/p>\n","protected":false},"excerpt":{"rendered":"<p>\u201eStelle Fragen. &#8212;&#8211;Unser Wissen &#8212;besteht aus den &#8211;Antworten auf gestellte Fragen.\u201c &nbsp; &nbsp; &nbsp; &nbsp; &nbsp; &nbsp; &nbsp; &nbsp; &nbsp; &nbsp; &nbsp; &nbsp; &nbsp; &nbsp; &nbsp; &nbsp; &nbsp; &nbsp; &nbsp; &nbsp; &nbsp; &nbsp; &nbsp; &nbsp; Aristoteles &nbsp; 1995: Diplom in Logop\u00e4die an der Universit\u00e4t Freiburg1981: Primarlehrerinnenpatent in Solothurn T\u00e4tigkeiten&nbsp; Seit 2000:&nbsp;Eigene logop\u00e4dische Praxis in Bern(Krankenkassen-Zulassungsnummer &#8230; <a title=\"Pers\u00f6nlich\" class=\"read-more\" href=\"https:\/\/logopaediehofer.ch\/?page_id=10\" aria-label=\"Mehr dazu unter Pers\u00f6nlich\">Weiterlesen<\/a><\/p>\n","protected":false},"author":1,"featured_media":2455,"parent":0,"menu_order":0,"comment_status":"closed","ping_status":"closed","template":"","meta":{"_monsterinsights_skip_tracking":false,"_monsterinsights_sitenote_active":false,"_monsterinsights_sitenote_note":"","_monsterinsights_sitenote_category":0,"jetpack_post_was_ever_published":false,"footnotes":""},"class_list":["post-10","page","type-page","status-publish","has-post-thumbnail"],"aioseo_notices":[],"jetpack_sharing_enabled":true,"jetpack_shortlink":"https:\/\/wp.me\/P8GN4G-a","_links":{"self":[{"href":"https:\/\/logopaediehofer.ch\/index.php?rest_route=\/wp\/v2\/pages\/10","targetHints":{"allow":["GET"]}}],"collection":[{"href":"https:\/\/logopaediehofer.ch\/index.php?rest_route=\/wp\/v2\/pages"}],"about":[{"href":"https:\/\/logopaediehofer.ch\/index.php?rest_route=\/wp\/v2\/types\/page"}],"author":[{"embeddable":true,"href":"https:\/\/logopaediehofer.ch\/index.php?rest_route=\/wp\/v2\/users\/1"}],"replies":[{"embeddable":true,"href":"https:\/\/logopaediehofer.ch\/index.php?rest_route=%2Fwp%2Fv2%2Fcomments&post=10"}],"version-history":[{"count":70,"href":"https:\/\/logopaediehofer.ch\/index.php?rest_route=\/wp\/v2\/pages\/10\/revisions"}],"predecessor-version":[{"id":2951,"href":"https:\/\/logopaediehofer.ch\/index.php?rest_route=\/wp\/v2\/pages\/10\/revisions\/2951"}],"wp:featuredmedia":[{"embeddable":true,"href":"https:\/\/logopaediehofer.ch\/index.php?rest_route=\/wp\/v2\/media\/2455"}],"wp:attachment":[{"href":"https:\/\/logopaediehofer.ch\/index.php?rest_route=%2Fwp%2Fv2%2Fmedia&parent=10"}],"curies":[{"name":"wp","href":"https:\/\/api.w.org\/{rel}","templated":true}]}}